= -5*c. Is 4 a factor of c?
True
Is 6 a factor of ((-7)/(-2) - 4)*-50?
False
Let y = -5 + 10. Suppose 2*l = 2*c - 4, -y*l + 0*l - 18 = 3*c. Let j = 12 + c. Is 11 a factor of j?
True
Let y = -96 - -97. Let m be (-1*1 + 1)/(-1). Is (m - (-2 - 6))*y a multiple of 4?
True
Suppose -1030 = -5*i - 100. Is 31 a factor of i?
True
Suppose 0 = -0*b + 5*b - 100. Is b a multiple of 7?
False
Let l = -46 + 101. Does 19 divide l?
False
Let w(k) = 3*k**2 - 4*k + 1. Let c = 10 - 4. Let b be w(c). Let s = 131 - b. Does 23 divide s?
True
Let a = 273 - 122. Is 10 a factor of a?
False
Suppose 0 = 2*v + 3*f + 18, -8 = 2*v - 2*f - 0*f. Let z be ((-3)/v)/((-2)/(-72)). Let n = z - -12. Does 15 divide n?
True
Suppose -38*a - 42 = -41*a. Is a a multiple of 14?
True
Does 6 divide (-21)/14*(-44)/6?
False
Suppose -3 = -0*r - r. Let b be (-2 - (0 + r))*-3. Suppose k + b = s, 2*s = 4*k + 36 - 0. Does 6 divide s?
True
Suppose -6*z = -5*z - a + 53, 0 = 3*z - 4*a + 160. Let f = -27 - z. Does 12 divide f?
False
Let c = -257 + 511. Does 28 divide c?
False
Let f be (-8)/((-6)/3) + 0. Suppose -f*k - 80 - 16 = 0. Let y = 40 + k. Is 8 a factor of y?
True
Let c = -4 + 9. Suppose 0 = c*l - 226 - 109. Suppose -3*v + l = -14. Is v a multiple of 9?
True
Suppose 0*d + 2*t = d, -4*d - 3*t - 33 = 0. Let b(f) = f + 12. Is 3 a factor of b(d)?
True
Suppose 71 = 4*x - 49. Is x a multiple of 6?
True
Let h = -4 + 0. Let z = h + 42. Is 19 a factor of z?
True
Let c(j) = 32*j - 62*j + 3 - 35*j - 1. Let i be c(-2). Let s = i + -94. Is s a multiple of 19?
True
Let o = -14 + 19. Suppose 2*i = o*i - 63. Is 7 a factor of i?
True
Let z = -55 - -188. Is 13 a factor of z?
False
Let u(x) = -x**3 + 8*x**2 + 7. Is 7 a factor of u(8)?
True
Suppose 2*t = -1 + 13. Is t a multiple of 6?
True
Does 20 divide (-1 - -1) + 8 + 32?
True
Let y be -1 + -3*(-2)/6. Suppose -4*v + 3*v - 3*t = y, 0 = -3*v - t + 8. Suppose -7*u - 4*r = -v*u - 32, 3*r - 15 = 0. Is 2 a factor of u?
False
Suppose 2*s - 3*s = 0. Suppose s*h = 2*h - 8. Suppose -2*p + 0*p = h*w - 134, -4*w - 4*p + 132 = 0. Is w a multiple of 10?
False
Suppose -4*v - 97 = -397. Does 25 divide v?
True
Suppose 2*b = -5*d + 12, -4*b + 2 = d - 2*d. Let f(a) be the second derivative of a**4/2 - a**3/3 + 3*a**2/2 + a. Is 8 a factor of f(d)?
False
Let x(s) = 6*s**2 - 3*s + 1. Let u be -3 - (0 + 1 + -6). Does 8 divide x(u)?
False
Let p(o) = 34*o**2 - 3. Does 12 divide p(-2)?
False
Let a be (5/(-15))/(1/(-6)). Let b = -1 - -4. Suppose -5*i + 4*f = -a*i - 108, 2*i = -b*f + 55. Is i a multiple of 16?
True
Let z be (0 - -2) + 4/2. Suppose 6 = -z*h - 6. Let k(v) = -5*v - 1. Is 6 a factor of k(h)?
False
Suppose -1 + 28 = -3*d. Let n = 25 + d. Is 11 a factor of n?
False
Suppose 0 = 2*l - 94 - 24. Does 15 divide l?
False
Let t(y) = 1 - y**2 + 4*y**2 - 3*y - 4*y**2 - 4*y. Suppose -2*x + 9 = x, -4*a - 4*x = 8. Is t(a) a multiple of 11?
True
Suppose 2*h - 104 = -2*h. Is h a multiple of 13?
True
Suppose -31*y + 28 = -35*y. Suppose 21 = -h + 63. Let s = h + y. Is s a multiple of 12?
False
Let z(w) = -w**2 + 10*w - 12. Let q be z(8). Suppose 4*u = 3*n + 250, -q*u - 2*n + 3*n + 246 = 0. Is 34 a factor of u?
False
Let t(p) = p**2 - 8*p + 2. Let d be t(8). Suppose d*v + 66 = 3*v. Does 34 divide v?
False
Let n be -3 - -11 - (-1 + 1). Does 13 divide (70/(-4))/((-4)/n)?
False
Let k = -2 + 4. Let a(v) = 3*v - 1. Let f be a(k). Suppose 0 = -f*y + 5*c + 43 + 77, -3 = 3*c. Does 8 divide y?
False
Suppose 2*o - 52 = -4*t, 3*o + 4*t = 3*t + 88. Is 7 a factor of (-18)/o + 118/5?
False
Let v be (-3)/(-2 - 33/(-15)). Let l = v - -27. Is 12 a factor of l?
True
Let p = 196 + -59. Does 24 divide p?
False
Let o = -77 - -125. Does 6 divide o?
True
Let p be (-26)/(-6) - 4/12. Is 6 a factor of (2/p)/(3/36)?
True
Is 6/(-8)*150*48/(-60) a multiple of 15?
True
Suppose -4*r + 2*r = -4. Suppose a + r*a - 24 = 0. Is a a multiple of 6?
False
Suppose -32 = -4*y + 4. Suppose 0 = -3*b + 4*b + 3*x + 7, y = -3*x. Does 2 divide b?
True
Suppose 4*i = 5*z + 1, 5*i - 19 = i - z. Let u be (4/5)/(1/25). Suppose -i*d - 5*x + 64 = 0, 4*x + 141 = 5*d + u. Is 7 a factor of d?
True
Let l be ((6 - 0) + -1)/1. Let w = l - 13. Let i = w - -38. Does 15 divide i?
True
Suppose -3*b = -0*b + 2*c - 225, -2*c = -5*b + 391. Is b a multiple of 12?
False
Let m be (2/6)/(3/36). Suppose l - 3*l = -5*y + 124, m*y - 4*l - 92 = 0. Does 26 divide y?
True
Let j(o) = -o**2 - 9*o - 7. Let l be j(-9). Let p = l + 27. Is 10 a factor of p?
True
Let k(t) = t**3 - 10*t**2 + 4*t + 5. Let q be k(5). Let p = q - -150. Is p a multiple of 13?
False
Suppose 3*o = 4*h - h + 6, 44 = 4*o + 5*h. Suppose -2*a + q = -o, 4*q + 0*q - 41 = -5*a. Suppose 6*i - a*i = 15. Is 5 a factor of i?
True
Let p(d) = 15*d + 2. Is 13 a factor of p(5)?
False
Does 2 divide (1 + -3)/(5 + (-117)/23)?
False
Let g = 21 + -16. Is 5 a factor of g?
True
Suppose -9 = -3*v, 2*v = -r + 1 + 5. Suppose r = 3*y - 69 - 3. Is y a multiple of 6?
True
Suppose -2*v = -2*g - 3*g - 51, 0 = v - 5*g - 33. Suppose -v = -i - 2*k, -4*i - 5*k - 14 = -83. Is i a multiple of 8?
True
Suppose 5*v - 7*v = -140. Is 10 a factor of v?
True
Let h(x) = 8*x**2 + x + x**3 + 2*x - 4 + 0. Let o(m) = -m**3 - m**2 - m - 7. Let u be o(0). Does 17 divide h(u)?
False
Let j be 2/(-1)*(-5 - 1). Suppose 5*a - j = 4*a. Does 12 divide a?
True
Suppose 6 = 2*l + 20. Let k = -5 - l. Suppose 4*z - 3*d = -k*d + 32, -3*z + 23 = -d. Is z a multiple of 4?
False
Suppose -9*b + 500 = -310. Does 15 divide b?
True
Let k = -3 + 51. Does 12 divide k?
True
Suppose 280 = -8*k + 4*k. Let s = -21 - k. Is 9 a factor of s?
False
Is (223 - -2)*(0 + 3/9) a multiple of 5?
True
Let y = 2 - -1. Suppose -3*v + 2*v = -4. Suppose -3*l + 29 = y*q - 4, v*l + 3*q = 40. Does 7 divide l?
True
Let s be 1 - (1 - -1) - 2. Let t = 4 + s. Is 10 a factor of (2/5)/(t/65)?
False
Let j(s) be the second derivative of s**4/12 + s**3/6 + 3*s**2/2 + s. Let n be j(0). Suppose n*i - 5 = 34. Does 8 divide i?
False
Suppose -118 = -5*y + 57. Does 7 divide y?
True
Suppose d - 6 = 9. Suppose 93 - d = 3*h. Let v = 0 + h. Does 12 divide v?
False
Suppose -4*z - 2*c + 60 = 0, z - 15 = 5*c - 0*c. Does 2 divide z?
False
Does 27 divide 3264/56 - (-4)/(-14) - 4?
True
Let k(j) = 8*j**3 - 7*j**2 + 3*j + 2. Does 4 divide k(2)?
True
Suppose 6*k - 4 = 4*k. Suppose k*v = -0*v, -2*b + v = -4. Let g = 10 + b. Is g a multiple of 8?
False
Let g be (10/3)/((-4)/(-12)). Let h be (-201)/(-15) + 6/g. Suppose 4*u = t + 3*t + 4, 2*u + t = h. Is u a multiple of 2?
False
Let c(d) = -d**3 + 4*d**2 - 3*d + 4. Let l be 2/(-2) - 4*-1. Let b be c(l). Let h(j) = 8*j - 4. Does 14 divide h(b)?
True
Is 35 a factor of 706/10 - (3/5 - 0)?
True
Let o(q) = 2*q**2 - 2*q - 4. Let m be o(3). Suppose a = -3*a + m. Suppose -4*u + 26 = g - 43, -5*u - a*g = -87. Is u a multiple of 7?
False
Let t = -9 + 0. Suppose -v + 3*v = -84. Is 9 a factor of 21*4/v*t?
True
Let g(j) = j + 3. Let n be g(-3). Suppose n*c + 5*c = 75. Does 5 divide c?
True
Suppose -4*d - 2*s + 2 = -s, 3*s = 6. Suppose 4 = 2*k - d. Is 2 a factor of k?
True
Let h be 8/20 + (-17)/5. Let y(i) = -i - 2. Let p be y(h). Does 5 divide (-1 + 2 - -4)/p?
True
Let b = -8 - -50. Is 7 a factor of b?
True
Let i(s) = s**2 - 2*s + 5. Let u(q) = -q + 11. Let j be u(5). Suppose -j - 2 = -2*n. Is 9 a factor of i(n)?
False
Suppose -3*k - 2*k - 3*f + 261 = 0, 5*k = 2*f + 276. Is k a multiple of 18?
True
Let r(h) = 6*h**3 - h**2. Let u be r(1). Suppose 5*z - 5*c = 10, 4 = u*z - c - 2*c. Does 19 divide (-38)/(-2) + z + 1?
True
Suppose -38 = z - 0*z + 4*j, j - 13 = z. Let g = -13 - z. Suppose 2*v + 21 = p, -g*p + 4*v + 86 = -19. Does 8 divide p?
False
Let v(z) = -3*z - 19. Does 6 divide v(-10)?
False
Suppose -2*l = z - 44, -2*z = -5*z - 3*l + 132. Does 22 divide z?
True
Suppose 5*v + 400 = 9*v. Does 11 divide v?
False
Let q = -2 + 2. Let n(u) = 9 + 7*u**2 + 8*u - 3 + q*u**2 - u**3. Does 3 divide n(8)?
True
Let s = 5 - -2. Let n(p) = 8 - 2 + s*p**2 - 5*p - p**3 + 0*p**3. Does 10 divide n(6)?
False
Let u = 170 + -87. Suppose 2*r = 69 + u. Let t = r + -44. Is t a multiple of 16?
True
Suppose 2*q - 2*s = 5*q - 10, -5*s + 25 = -4*q. Suppose 3*a + 5*k - 30 = 0, 2*a + 3*k - 2*k - 20 = q. Is a a multiple of 3?
False
Suppose 66 = 4*w - w. Suppose -2*g - 17 - w = o, 2*o + 5*g = -77. Let x = -15 - o. I